
Suppose -2*a + r + 11122 = 0, a - 4*r = 2827 + 2734. Suppose 20245 = 34*h - a. List the prime factors of h.
3, 11, 23
Suppose -5*z - 301 + 1937 = 2*n, 4*n = 12. Let l = 16 + z. What are the prime factors of l?
2, 3, 19
Suppose -543*t + 2136 = -537*t. Let o be -1 - (0 - -1 - 7). Suppose -t = p - o*p. List the prime factors of p.
89
Suppose -2*h + 5*w = -25614, -51294 = -4*h - 100*w + 99*w. What are the prime factors of h?
2, 3, 2137
Let r(d) = 2290*d**3 - 6*d**2 + 6*d + 1. What are the prime factors of r(1)?
29, 79
Suppose 0 = -5*q + 5, 3*n - 5*q + 0*q = 7. Let s be n/(-6)*(-1677)/(-26). Let y = s + 61. What are the prime factors of y?
2, 3
Let a = 13 + 2. Suppose -28*d - a = -33*d. What are the prime factors of ((-28)/d)/(29/15 - 2)?
2, 5, 7
Let x(b) = 2882*b - 525. List the prime factors of x(3).
3, 2707
Let f(a) = a. Let u(m) be the first derivative of 21*m**2/2 - 2*m - 6. Let t(p) = -6*f(p) + u(p). What are the prime factors of t(4)?
2, 29
Suppose 2*l - 174233 = -5*h, -11*h + 4*l + 90719 = -292602. List the prime factors of h.
34847
Let x(k) = 9*k - 5. Let j = -44 + 42. Let w be 100/24 + 2*j/24. What are the prime factors of x(w)?
31
Let r = -518 - -1118. Let s = r - 394. What are the prime factors of s?
2, 103
Suppose -2*s - 181 + 59 = 0. Let c be 9/(-2) - 48/(-96) - -75. Let z = c - s. What are the prime factors of z?
2, 3, 11
Let u be (32505/20)/(-11) - (-4)/(-16). Let i = -16 - u. List the prime factors of i.
2, 3, 11
Let p = -36 - -26. List the prime factors of 482 + p + (8 - 2).
2, 239
Let a(i) = -i**3 - 5*i**2 + 9*i + 15. Let w be a(-6). What are the prime factors of 295 - 1 - (0/w + 3)?
3, 97
Suppose -3611*m = -3580*m - 947732. List the prime factors of m.
2, 7643
Let v be ((-2)/(-5))/(21/105). Suppose 18*c - v*c = 960. Suppose c*l - 624 = 56*l. List the prime factors of l.
2, 3, 13
Suppose -r - 132 = 2*y, -29*y + 31*y = -3*r - 384. Suppose 0 = -8*t + 5*t - 156. Let g = t - r. What are the prime factors of g?
2, 37
Let m = -132 - -137. Suppose -m*u = 4*y - 1388, 9*y - 1392 = 5*y - 4*u. List the prime factors of y.
2, 11
Let j be 69/4 + 12/16. Suppose j*r = 7*r. Suppose r = 6*f - f - 15, -4*f = 2*a - 204. What are the prime factors of a?
2, 3
Let s(w) = w**3 - 5*w**2 + 105*w - 1568. What are the prime factors of s(27)?
5, 3461
Let m = -259 + 645. Suppose -2122 = -4*y + m. What are the prime factors of y?
3, 11, 19
Let g(o) = -2*o**2 - 3*o + 15. Suppose 3 = -4*n + x, -2*n + 4 = 2*x - 2. What are the prime factors of g(n)?
3, 5
Let w = -410 + 691. Let h = w + -223. List the prime factors of h.
2, 29
Suppose -42*g + 93868 = 8*g - 364132. List the prime factors of g.
2, 5, 229
Suppose -n - 2*g + 1589 = -9445, -11016 = -n - 5*g. What are the prime factors of n?
2, 3, 7, 263
Suppose 23*q - 220524 = 444705. List the prime factors of q.
3, 31, 311
Let m(i) = 3904*i - 139. List the prime factors of m(1).
3, 5, 251
Suppose -3 = -3*u + 6. Suppose -4 = -2*p, 4*w + 32*p = 28*p + 52. Suppose 0 = -u*k - 0*k - 5*y, w = k - 2*y. List the prime factors of k.
5
Let g(r) = r**3 - 8*r**2 - 9*r + 34. Let u be g(15). Suppose -72*x - u = -74*x. List the prime factors of x.
11, 67
Let u = -1 - 11. Let b be (-315)/u - (-4)/(-16). Suppose 28*m = b*m + 280. List the prime factors of m.
2, 5, 7
Suppose -200152 = -26*n - 9*n + 48943. List the prime factors of n.
11, 647
Suppose -3*a - 3*f = -187827, 4*a = 172*f - 167*f + 250427. What are the prime factors of a?
2, 7, 13, 43
Suppose j - 2111 = -2*a, -69*a + 66*a = 4*j - 3154. List the prime factors of a.
2, 23
Let k be 0/((-2)/4*2). Suppose 4*q + k*t - 10 = t, 3*t = -3*q + 15. Suppose q = z - 52. List the prime factors of z.
5, 11
Suppose -4*h + 5*c + 229827 = 0, -126*c - 114915 = -2*h - 123*c. List the prime factors of h.
3, 11, 1741
Let a(f) = -f**3 + 40*f**2 + 7*f + 274. List the prime factors of a(33).
2, 127
Let a be 96*((-5)/(-10) - -3). Suppose 9*f = -3 + a. List the prime factors of f/(-2)*(-22)/11.
37
Suppose 4*x - 20*l = -16*l + 27528, -x + 3*l = -6890. List the prime factors of x.
2, 19, 181
Let p = 163 - 74. Let g = -85 + p. Suppose -34 = g*c - 6*c. List the prime factors of c.
17
Let c(m) = 1508*m**2 - 11*m - 8. Let k be c(-1). Let w = -1047 + k. What are the prime factors of w?
2, 29
Suppose 754759 + 3619279 = 52*w + 10*w. What are the prime factors of w?
70549
Let h(v) = -107*v + 261. Let c be (-90)/75 + 156/(-20). List the prime factors of h(c).
2, 3, 17
Let s(z) = -7*z - 75. Let p(i) = -2*i**2 - 9*i + 7. Let b be p(-5). Let a(l) = -4*l - 37. Let h(w) = b*s(w) - 5*a(w). List the prime factors of h(10).
5, 19
Suppose 0 = -2*k - 2*i - 1124 + 17116, -5*k - 2*i = -39980. What are the prime factors of k?
2, 1999
Suppose 27*x + 14224 = 20*x. Let l = x - -3390. List the prime factors of l.
2, 7, 97
Let p = -1654 + 8455. List the prime factors of p.
3, 2267
Let v = 62667 - 41711. List the prime factors of v.
2, 13, 31
Let z(a) = a + 59. Let r be z(6). Suppose 1148 = -58*i + r*i. What are the prime factors of i?
2, 41
Suppose 2*d = 10*m - 6*m + 204, 3*m = -5*d - 179. Let u = 55 + m. List the prime factors of u.
2
Suppose 3*l = -3*d + 68127, -34*l + d + 113509 = -29*l. What are the prime factors of l?
73, 311
Let r(j) = 10*j**2 + 23*j + 338. What are the prime factors of r(-25)?
7, 859
Let g(u) = -u**3 - 3*u**2 + 4. Let r be g(-4). Suppose f - 6*f = -r. Suppose 3*l = -5*c + 99 - 35, f*l - 91 = -c. List the prime factors of l.
23
Let g = -62 - -67. Suppose -3*v - 555 = -3*m, 0 = -0*v - 2*v + g*m - 373. List the prime factors of 4 + v/(-12)*3.
2, 5
Let f(g) = 5*g - 42. Let y be f(9). Suppose 0*m - 785 = -m + y*u, -u = 3*m - 2315. Suppose 811 = 12*r - m. List the prime factors of r.
2, 3, 11
Suppose -5*b + 86 = -2*p - 98, -2*b + 5*p = -82. Suppose -b*t = -39*t + 1095. List the prime factors of t.
5, 73
Let l be (-10)/(-4) - (-16146)/52. Let f = -4 + l. List the prime factors of f.
3, 103
Suppose -364 = -o + 1247. List the prime factors of o.
3, 179
Let a be 8/(-5)*((-3)/3 + 6). Let s(h) = -h**2 - 10*h - 14. Let u be s(a). Suppose u*y + l - 43 = 0, 5*y + 2*l - 3*l = 125. List the prime factors of y.
2, 3
Let j = -14 + 26. Suppose i - 2*b + 0*b = -19, j = -3*b. Let k = i + 30. What are the prime factors of k?
3
Suppose 121 = -5*s + 146. What are the prime factors of 133 - (3/s)/((-5)/(-25))?
2, 5, 13
What are the prime factors of 1685 - ((-4)/(-7) + 1840/(-280))?
19, 89
Suppose -24*k - 2347 = -222619. What are the prime factors of k?
2, 13, 353
Let p = 112 + -223. Let u = 172 + p. List the prime factors of u.
61
Let h(u) = -u**2 + 13*u - 11. Let p be h(9). Let v be 5 + (2 - p/5). List the prime factors of 42 - (v + -3 + 1).
2, 3, 7
Suppose 33178 = 2*k + c, 102*k + c = 104*k - 33182. What are the prime factors of k?
2, 3, 5, 7, 79
Suppose 0 = 4*b + 5*d - 4152, 5*b + 5*d - 3501 - 1694 = 0. What are the prime factors of b?
7, 149
Let i(c) = 8*c - 199. Let j be i(30). Suppose 12900 = j*b + 9*b. What are the prime factors of b?
2, 3, 43
Suppose 3*c - 30525 = -3*p, -16 = -1327*p + 1331*p. What are the prime factors of c?
3, 13, 29
Suppose -2*q = -6*l + 2*l + 158, 0 = -3*l + q + 121. Let b be (-2)/1 + -1 - -5. Suppose -l + b = -2*c. What are the prime factors of c?
2, 5
Let b = 137 + -143. List the prime factors of (-3 - (-291)/b)/((-5)/30).
3, 103
Suppose 2*f = -6*o + 2*o + 1414, 5*o + 5*f - 1770 = 0. Suppose -o = -m - 77. List the prime factors of m.
2, 3, 23
What are the prime factors of -7 + (-12)/126*2019*-14?
3, 5, 179
Suppose -1129 = -6*q + 101. Let n = q - 25. List the prime factors of n.
2, 3, 5
Let q = -185 - -187. What are the prime factors of 3 - (-4 + (-40)/q)?
3
Suppose 2*o = -5*w + 587, -4*w + 341 = -w + 4*o. Let c = 57 - w. Let b = 64 + c. List the prime factors of b.
2
Suppose -h - 2*f = -947, 45*h + 3809 = 49*h + f. Let j = h + 165. List the prime factors of j.
2, 13, 43
Let u(h) = -h**2 + 13*h + 1. Let s be u(0). List the prime factors of (-4704)/(-7) - (-1)/s.
673
Let k = 551 + -542. Suppose -3*i + 5*f - k*f + 2533 = 0, 4*f = 16. List the prime factors of i.
839
Let s(t) = 91*t - 219. Let g = -390 + 401. List the prime factors of s(g).
2, 17, 23
Suppose -3*k + 5*n + 6678 = 2347, 5*n = -k + 1477. What are the prime factors of k?
2, 3, 11
Let x(g) = g**2 - 10*g - 34. Let v be (-5)/((20/72)/5). Le